 common divisor of f and v?
31
Suppose 0 = -5*v + 34*v - 696. Let t be 1 - 2/(2154/(-537) - -4). What is the highest common divisor of t and v?
12
Suppose -34*f = -24*f - 520. Suppose -q - 5*u + f = 0, 5*q - 2*u - 110 - 69 = 0. Calculate the highest common divisor of 1 and q.
1
Suppose 653 = 5*z + 183. Calculate the highest common factor of 2209 and z.
47
Let y = -3147 - -3168. Let c be 19*(4/2)/2. Let k = y - c. Calculate the greatest common factor of 2 and k.
2
Suppose -6*o = -9*o + 153. Suppose 18*u = u + o. Suppose -2*i + 7 = -3*j, u*j - 39 = -4*i + 4*j. What is the greatest common divisor of 88 and i?
11
Let i(c) = 6*c**2 - 149*c - 560. Let o be i(-4). Calculate the highest common factor of o and 3894.
66
Let u = 25230 + -25180. What is the greatest common divisor of 56 and u?
2
Let v(l) = l**3 + 8*l**2 + 2*l - 4. Let y be v(-6). Calculate the greatest common factor of 1372 and y.
28
Suppose -24 = -4*l - d, 5*d = 9 + 11. Suppose 450 = 4*s + l*g, -2*s + 15*g - 17*g = -224. Calculate the highest common factor of 5 and s.
5
Let k be 4/8*8 + (-48)/8. Let v be (-1)/((-1)/55) - 0/k. Let x(l) = l**2 - 4*l + 5. Let y be x(4). Calculate the greatest common divisor of y and v.
5
Let i(q) = 76*q + 8. Let y(k) = -4*k + 68. Let z be y(15). Let v be i(z). Calculate the highest common factor of 77 and v.
77
Let b(t) = -5*t + 139. Let d(x) = -9*x + 279. Let u(p) = -7*b(p) + 4*d(p). Let q be u(0). Calculate the highest common divisor of q and 13.
13
Let c be (20/25)/(4/(4 + 3956)). What is the greatest common factor of c and 156?
12
Let t = 208 + -210. Let k be 4 + (31 - 4) + t. What is the highest common factor of 203 and k?
29
Suppose 3074 = 18*w - 219 - 739. Calculate the highest common factor of w and 32.
32
Let h = -8 - -24. Let x = h + 38. Let u be ((-12)/x)/((-2)/18). What is the highest common divisor of 22 and u?
2
Let q be (-814)/8 + ((-27)/12 - -2). Let t = q - -243. Let u = t + -101. What is the greatest common divisor of u and 24?
8
Suppose p + 7 = -2*l, 5*p = -l + 13 - 3. Suppose 2*z = 4*z - p*z. Suppose z*q + 130 = 13*q. Calculate the highest common divisor of q and 35.
5
Let u = -80 + 96. Suppose 165 = 19*m - u*m. Calculate the highest common factor of m and 165.
55
Let d = 36 + -26. Let b(k) = k**2 + 39*k + 97. Let r be b(-40). Let v be r + 0 - (-8 + d). What is the greatest common divisor of v and 15?
15
Suppose 0*p + 2*p = -g + 32, -3*g = -4*p - 56. Suppose -2*b = 2*b + g. Let t = b + 18. What is the highest common factor of t and 4?
4
Let p = 23 - 64. Let c = p + 61. Suppose -x = -2*f - 17, f = -4*x - 3*f + c. Calculate the highest common divisor of x and 81.
9
Let h(v) = -3*v**3 - 91*v**2 - 32*v + 30. Let c be h(-30). What is the highest common divisor of 2115 and c?
45
Suppose 1539 - 3796 = -3*m + u, 0 = -5*m - 3*u + 3785. What is the highest common divisor of 52 and m?
26
Let k be (-14)/(-3)*3 - -214. What is the highest common factor of 12 and k?
12
Let p = 11524 - 11386. What is the highest common factor of 678 and p?
6
Let y(k) = 2*k + 2. Let m(u) = 52*u + 30. Let t(b) = -m(b) - 6*y(b). Let o be t(-2). Calculate the greatest common factor of 1118 and o.
86
Suppose -732 - 397 = -2*r + 61. Calculate the greatest common divisor of r and 70.
35
Let j = -717 + 727. Calculate the greatest common divisor of j and 212.
2
Let r be 1*1/2*-6. Let d be (70/r)/(19/(-114)). Calculate the highest common divisor of 28 and d.
28
Let d = 5 - 5. Suppose d = -2*w + 5*w - 378. What is the greatest common factor of 63 and w?
63
Let r(a) = 11*a**2 + 27*a - 141. Let x be r(9). Calculate the greatest common divisor of x and 21.
3
Suppose 0 = -4*p + 29 + 23. Let h(a) = -39*a - 2431. Let s be h(-65). Calculate the highest common divisor of s and p.
13
Suppose 111 = -5*j + 86. Let o be (-1 + j/(-2))/(2/8). Let f = 15 + -11. Calculate the greatest common divisor of o and f.
2
Let n(j) = -45*j - 799. Let l be n(-21). What is the greatest common factor of l and 3942?
146
Let o be (1 + 5/5)*(-11)/1. Let q be o/4*(-7)/((-35)/(-340)). Calculate the greatest common factor of 34 and q.
34
Suppose 57*v = 56*v - 3*l + 68, 32 = 4*l. What is the greatest common factor of v and 52492?
44
Let n be 72/(-27)*(-63)/14. Calculate the highest common factor of 136 and n.
4
Let d(h) = h**3 + 2*h**2 + h - 6. Let m = 921 + -918. Let p be d(m). Calculate the highest common divisor of p and 189.
21
Let b be 48 - (-5 + 0 + 3). Suppose 4*s - 114 - b = 0. Let z be 163/2 + ((-46)/(-4))/23. What is the greatest common divisor of z and s?
41
Let a(v) = 3*v**3 - 15*v**2 - 27*v + 204. Let f be a(4). Suppose 2*w = 3*p + 599, 2*w = 3*w - 4*p - 292. Calculate the greatest common factor of f and w.
16
Let h = -66 - -68. Suppose -4*r - 2*g + 1502 = -0*r, -h*g + 380 = r. Let f = -2 + 36. Calculate the greatest common divisor of r and f.
34
Let i(f) = 479*f**2 - f + 8. Let v be i(-1). Calculate the highest common divisor of v and 8.
8
Let y(q) = -40*q + 7. Let x be y(-7). Let z = 43410 - 43328. What is the greatest common divisor of z and x?
41
Let t be (-198)/20 - -12*(-12)/1440. Let f be (-1)/(-5) + (-778)/t. What is the highest common divisor of f and 26?
26
Let q(p) = -64*p + 1803. Let l be q(28). What is the highest common factor of l and 671?
11
Let m = 598 + -595. Suppose -m*f - 585 = g - 5*g, -15 = 5*f. What is the greatest common factor of g and 36?
36
Suppose 2*v - 2014 = -4*x, -8*v + 10*v - 502 = -x. What is the highest common factor of x and 144?
72
Suppose -5*w - 2*z = -653, 254 = w + w - z. Let h = -114 + w. What is the greatest common factor of 1125 and h?
15
Suppose 2634*u - 808*u + 2145*u = 31768. Let p be 2/4 + 17/2. Calculate the greatest common divisor of p and u.
1
Suppose 3*i = -0*i + 2*b + 275, 4*i = 2*b + 366. Suppose -362 = -231*y + 227*y - t, -4*t - 99 = -y. Calculate the greatest common divisor of i and y.
91
Suppose -5*g + 5*n + 650 = 0, -2*n + 415 = 2*g + g. Calculate the greatest common factor of g and 171.
9
Let w(g) be the third derivative of 7*g**5/60 - g**4/12 - g**3 - 2*g**2 + 18*g. Let j be w(3). Calculate the highest common divisor of 3 and j.
3
Let t = 34 - 0. Suppose 27*k = t*k - 238. Let w be ((-2)/4 + -1)*-34. Calculate the highest common factor of k and w.
17
Let t be -17 + 20 + 651/7. Calculate the greatest common divisor of 2656 and t.
32
Suppose 3*t = -4*q + 48, -30*t = -q - 33*t + 21. Let r be (4662/(-185))/(q/(-60)). What is the highest common divisor of r and 21?
21
Let n(y) = -y**3 + y**2 + 2*y. Let r be n(2). Suppose 68*d - 63*d - 110 = r. What is the highest common factor of 77 and d?
11
Let v = -44 + 45. Let y be 9/3 - (2 - v). Suppose -66 = -y*m + 78. Calculate the highest common factor of 8 and m.
8
Suppose -4*d + 0*p = -p - 125, p + 157 = 5*d. Suppose 0 = 10*i - 11*i + 221. Let u = -189 + i. What is the greatest common divisor of d and u?
32
Suppose -13372 - 3879 = -189*x + 9209. What is the greatest common divisor of x and 3010?
70
Suppose -2*s = -4*x - 84, -4*s + 4*x = -0*x - 156. Let o = 311 + -97. Let q = 38 + o. Calculate the highest common factor of s and q.
36
Let h be 42*((-2)/4 + 790/237). Calculate the greatest common factor of 187 and h.
17
Let u = 499 - 125. Suppose -1048 = 2*j + u. Let d be -3 - (j - 4)/5. What is the greatest common divisor of 28 and d?
28
Let n(d) = 2*d**3 + 31*d**2 + 9*d + 6. Let p be n(-15). Let g be (52/(-20) + -1)*-40. Calculate the highest common factor of p and g.
48
Suppose 9 = 6*g - 9. Suppose -83 = g*m - 89. Suppose 4*d + c - 16 = 0, -15 = -d - 3*c - 0*c. Calculate the highest common divisor of d and m.
1
Suppose 3*o - 401 - 477 = -470. Calculate the greatest common divisor of o and 536.
8
Let m = -97 + 137. Suppose 5*a - m = 5*k, a - 3*k - 4 = 2*a. Suppose 69 = 5*z + 4*j, 2*z - a*j = -j + 50. What is the greatest common factor of z and 17?
17
Suppose 0 = -4*t - 2*x + 26, x - 2 = -t + 6. Suppose -67 = -4*a - 5*f, -a - 2*f + 21 = t. What is the greatest common factor of 12 and a?
6
Let f be (-4)/(-9) - 47994/(-513). What is the highest common divisor of 16 and f?
2
Let d = 310 + -322. Suppose -3*k = 15, -3*l + 5*k - 1 + 38 = 0. Let m be 590/l - (-6)/d. Calculate the greatest common divisor of m and 21.
21
Suppose 2 = -4*d - 10. Let g be ((-10)/8)/(d/12) - 3. Suppose 0 = 4*w - g*k - 194, 0 = -w - k 